 Let l(g) = 7*g**2 - 37*g - 3. Let y(r) = -4*a(r) - 3*l(r). Calculate y(-10).
-93
Suppose 4*m - 1 = 3*m. Let j(t) = -t - 767*t**2 + 766*t**2 + 2*t - 9*t**3. What is j(m)?
-9
Let x(t) = 16*t**2 - 29*t + 84. Let k(y) = 7*y**2 - 14*y + 42. Let r(b) = 9*k(b) - 4*x(b). Give r(-13).
3
Suppose -2*d = 951*m - 948*m - 13, 2*d - 5*m + 11 = 0. Let x(h) = -50*h + 89. Give x(d).
-11
Let k(z) = 25 + 4 + z - 9. Let v be k(-26). Let h(g) = g**2 + 3*g - 4. What is h(v)?
14
Let o(a) be the third derivative of a**6/120 - 2*a**5/15 + 3*a**4/8 - 5*a**3/2 + 2125*a**2. Calculate o(5).
-45
Let z(h) = 6*h**2 - 10*h - 5. Let j(v) = -v**2 + v. Let g(k) = -105 + 5*k - k + 76 - 2*k. Let b be g(12). Let i(r) = b*j(r) - z(r). Calculate i(6).
-1
Let a(r) = 2*r + 17. Suppose -94*j - 116 - 354 = 0. Determine a(j).
7
Let g = 330 + -282. Let j = -51 + g. Let f(k) = k**3 + 2*k**2 - 6*k - 7. What is f(j)?
2
Suppose 0 = 8*l + 53 - 93. Suppose -g + 7*v - l*v - 6 = 0, -4*g = 5*v - 28. Let n(a) = 7*a. Give n(g).
14
Let k(a) = 2*a**3 + 3*a**2 - a. Suppose 5*o = 2*o - 15. Let m(z) = -3*z**3 - 7*z**2 + 2*z. Let j(f) = o*k(f) - 3*m(f). What is j(6)?
-6
Let w(y) = 7470055*y**3 - 7470073*y**3 - y - 2*y**2 + 1 + y**2. What is w(1)?
-19
Let x(v) = -3*v - 1. Let b = -225 + 239. Suppose 2*r - 3*y = b, -5*r + 4 = -3*y - 13. Give x(r).
-4
Let k be -4*((-1)/3 - ((-166)/(-24) + -6)). Let u(t) be the third derivative of -t**5/60 + t**4/3 - 7*t**3/6 + t**2. Calculate u(k).
8
Let a(k) = k**2 + k - 11. Let s = -9 - -19. Let c be (s + -10)/(-1 - -2). Let b be ((-3 - -5) + c - 4) + 2. Give a(b).
-11
Let u(h) = -h + 5. Let g = -168 + 203. Suppose k + 6 = -4*l - 7, -5*k + 5*l = -g. What is u(k)?
2
Let h be -10*2/8*(-14)/5. Suppose 0 = -h*x + 6*x + 52. Let p = 49 - x. Let n(o) = o**2 + 4*o + 2. Calculate n(p).
-1
Let r(h) = 30*h + 39*h - 135*h + 34*h + h**2 + 33*h - 21. Suppose 5*g - 10 = -0*g. Suppose -g*p - 2*p = 0. Give r(p).
-21
Suppose -3*f - 2*c = -6*c - 23, 4*f - 19 = 3*c. Let h(q) = q - 2. Let z(o) = -4 + 1 + 2 - 10 + 38*o - 39*o. Let k(j) = 5*h(j) - z(j). Determine k(f).
7
Let x(j) be the third derivative of j**6/120 + j**5/6 - j**4 + 25*j**3/6 - 94*j**2 + 2*j. What is x(-12)?
25
Let a(y) be the third derivative of y**6/120 - 7*y**5/60 - y**3/2 + y**2. Suppose 133*h - 880 = 137*h. Let m = h + 227. Calculate a(m).
-3
Let a = -2 - -3. Let n(f) be the first derivative of 6*f**2 - 2*f + 1832 + 3*f - 1756. Calculate n(a).
13
Let s(u) = 2*u - 7. Let y(o) = 3*o**3 - 6*o**2 - 5*o - 21. Let r be y(-6). Let j be -5*1*(-19)/(r/(-27)). What is s(j)?
-1
Let y(o) = o**2 + 14*o + 23. Let t = -46 + 32. Let h(q) = -8*q - 124. Let x be h(t). Calculate y(x).
-1
Let i(p) = p + 1. Let b be ((-8)/(-18))/(4/18). Let m(r) = r**3 - 5*r**2 - 9*r - 3. Let w(t) = b*i(t) + m(t). What is w(6)?
-7
Let p = 0 - -3. Let h(q) = q**2 + 2*q**2 + 1 + 5*q**2 - p*q**2. Let j(b) = -b**3 + b**2 + 87*b + 121. Let i be j(-8). Calculate h(i).
6
Let m = -27294 - -27311. Let z(t) = -t**3 + 18*t**2 - 16*t + 12. What is z(m)?
29
Let d(f) = -f**2 - 8*f. Suppose 2*y - 22*r = -21*r - 14, -5*y = 4*r + 22. What is d(y)?
12
Let q(y) = 6*y**3 - 14*y**2 - 5*y - 12. Let w = 870 + -865. Let h(b) = -b**3 + b**2 + 2*b + 1. Let v(g) = w*h(g) + q(g). Calculate v(8).
-31
Let v = -10 + 4. Let w(s) be the second derivative of s**5/120 - 7*s**4/24 + 11*s**3/3 - 16*s. Let k(i) be the second derivative of w(i). Determine k(v).
-13
Suppose -3*n - 10*n + 39 = 0. Suppose -3*j + 2*s = -2, n*s + 1 = -3*j + 2*s. Let a(t) be the third derivative of t**4/24 + 7*t**3/3 - 30*t**2. What is a(j)?
14
Let h be 5 + (3 - 6) + -4. Let m(o) = 13*o**3 + 7*o**2 - 8*o - 6. Let k(f) = -7*f**3 - 4*f**2 + 4*f + 3. Let r(s) = -11*k(s) - 6*m(s). What is r(h)?
11
Let o = -707 + 696. Let g(r) = 13*r + 142. Determine g(o).
-1
Let b be 186/(-31)*(-4)/6. Let p(v) = -b*v - 932*v**2 - 3 + 0*v + 931*v**2. What is p(-3)?
0
Let k(p) be the third derivative of p**6/120 - p**5/6 - p**4/12 - 23*p**3/6 + p**2 + 142*p - 15. Calculate k(11).
76
Let n = -2688 + 2678. Let x(v) = -v**3 - 10*v**2 - 2*v - 13. Give x(n).
7
Let o(n) = 7*n**3 + 9*n**2 - 4*n + 4. Let b(f) = -2*f**3 - 2*f**2 + 2*f. Let a(i) = 3*b(i) + o(i). Let y(d) = -3*d**3 - d**2 + 1. Let m be y(1). What is a(m)?
-2
Let y(k) be the first derivative of 4*k**3/3 + 2*k**2 - k + 263630. Suppose 2*a + a + 9 = 0. Give y(a).
23
Let r(j) = j**2 - j - 4. Let l(z) = -6*z**2 + 17*z + 57. Let v(a) = l(a) + 8*r(a). Give v(-4).
21
Suppose -600 = 164*h - 272. Let f(i) = -i + i - 2*i**2 - 2 - 5*i + 3*i. Calculate f(h).
-6
Let r(w) = w**3 - 4*w**2 - 31*w - 11. Let q = -5450 + 5458. Calculate r(q).
-3
Let c(i) = i**2 + 7*i + 5. Let t = -21 - -35. Suppose 0 = 15*m - t*m - 73. Let o = m - 79. What is c(o)?
-1
Let l(o) = 345*o**2 - 131*o**2 - 107*o**2 - 106*o**2 - 1 + 8*o. Let a(h) = -5*h + 1. Let i be a(2). Let s be (-4)/(-18) + 56/i. Determine l(s).
-13
Let s(j) = j**2 - 482*j - 521*j - 91 + 1023*j. Give s(4).
5
Let q be 665/190*72/(-21). Let o(k) = -k**2 - 11*k + 10. Determine o(q).
-2
Let t(r) = -r**2 + 11*r + 36. Let q be t(13). Let j(a) = -3 + 17*a**2 - 19*a**2 - 4*a - 14*a + q*a. Give j(-6).
-27
Let c be (3 + 9/6)*2. Suppose -i = c - 18. Let f(b) = b + 13. What is f(i)?
22
Let r(o) = -o**3 - 5*o**2 + 31*o + 5. Suppose 52 + 139 = 44*q + 15. Give r(q).
-15
Let w(i) = 21*i**3 - 67*i**2 - 13*i - 81. Let p(d) = 5*d**3 - 17*d**2 - 3*d - 21. Let z(m) = -17*p(m) + 4*w(m). Calculate z(21).
12
Suppose 2 = -k + 5*o, 0 = 5*k + 2*o - 5 - 12. Let g(f) = -715*f**2 + 708*f**2 + f**k - 4 + 4 + 8*f. Give g(7).
56
Let p(b) = -23*b + 25. Let r(q) = 8*q - 9. Let m(t) = -6*p(t) - 17*r(t). Suppose 2*l - 18 = -3*z + z, 4*z + 3*l = 39. Give m(z).
27
Let s(x) = -1. Let j(w) = -w**3 - 4*w**2 + 6*w - 7. Let c(l) = -j(l) + 3*s(l). Suppose 169 = k - b, 701 = 4*k - 2*b + 3*b. Let h = 169 - k. Give c(h).
9
Let s(p) = -p**3 + p**2 + p - 1. Let u(m) = 8*m - 857*m**2 + 436*m**2 - 5*m**3 + 428*m**2 - 5. Let j(n) = 4*s(n) - u(n). Suppose 11*v - 9*v = 8. Calculate j(v).
1
Let y(j) be the second derivative of 4*j + 3/2*j**2 + 2/3*j**3 - 1/12*j**4 + 0. Suppose 173*n = 163*n + 50. Determine y(n).
-2
Let i be -2*(3 - (2 - (-43)/2)). Suppose i = -2*h + 25. Let z(y) be the second derivative of -y**4/12 - 4*y**3/3 - y**2 - 5*y. Calculate z(h).
-2
Let i(g) = -g**2 + 3*g + 7. Let f be i(4). Suppose -f*q + 19 - 4 = 0. Let y(x) = -x**3 + 7*x**2 - 4*x - 6. What is y(q)?
24
Let y(i) = i**3 + 9*i**2 + i + 12. Let w(z) = -2*z**3 - 73*z**2 - 36*z - 9. Let s be w(-36). Let m be y(s). Let l(t) = 2*t**2 - t - 1. What is l(m)?
14
Let h be 2/(-8) - 777/(-148). Suppose 5*d + 14 = -s - 7, 2*d - 10 = -h*s. Let r(b) = -b - 5. Determine r(d).
0
Let p be (20/(-15) + 2)*3. Let a(o) = o**2 + 2*o - 6. Let l be a(p). Let v(i) = l*i**2 - 6 - 5 + 2 + 5. Calculate v(-3).
14
Let v = -1508 + 788. Let q = v - -721. Let t(j) = -33*j. Give t(q).
-33
Let k(p) = -p**3 - 5*p**2 - 3*p + 2. Let v be (-14)/35 + (6 - 96/10). Calculate k(v).
-2
Let r(j) be the third derivative of -2*j**2 + 1/120*j**6 - 1/10*j**5 + 0 + 1/4*j**4 + 0*j - 1/3*j**3. Let z = -4556 + 4560. Determine r(z).
-10
Let u(z) = z**3 - 3*z**2 - 2*z - 13. Let c(i) = -i**2 - i + 1. Let o(q) = 2*c(q) - u(q). Let n = -30 + 52. Suppose n = 3*d + 22. What is o(d)?
15
Suppose -3*m = -1 - 2. Suppose -58*r - 4 = -62*r. Let o(n) = 0*n + n + 3*n - n + r. Give o(m).
4
Let l(p) = 50*p + 6. Let u = 33341 + -33344. Determine l(u).
-144
Let m(r) = 6*r**2 + 45. Let j(i) = i**2 + 9. Let u(q) = -11*j(q) + 2*m(q). Let s be 0*(-4*12/(-144))/(-1). What is u(s)?
-9
Let g(f) = -4*f + 14. Let z(v) = -v + 2. Let b(m) = -g(m) + 5*z(m). Suppose s - 21 = -2*s. Let q(l) = -l**2 + 7*l - 4. Let p be q(s). Calculate b(p).
0
Let n(c) = 7*c**2 + c + 2. Let j(t) = -t + 10. Let u be j(11). Give n(u).
8
Let n(i) = -6*i**3 - 28*i**2 - 48*i - 29. Let f(q) = 5*q**3 + 27*q**2 + 47*q + 27. Let g(v) = 5*f(v) + 4*n(v). Calculate g(-21).
-2
Let w be (-2)/(3/(-3)*4/4). Let j(l) = 4637*l**2 + l - 4636*l**w + 6*l + 8. Give j(-6).
2
Let w(z) = -8*z + 6. Let u(r) = -4 - 1 - 13*r + 14. Let j(n) = -5*u(n) + 8*w(n). Calculate j(4).
7
Let w(v) be the first derivative of v - 2/3*v**3 + 0*v**2 - 49 + 3/4*v**4. Give w(-2).
-31
Let k = -1175661 + 1175660. Let h = 6 + -4. Let r(v) = 5*v - 2*v**h - 18*v**2 - 4*v. Give r(k).
-21
Let